. Let p be b(9). Let r(f) = 15*f**2 - f + 1. Is r(p) a prime number?
False
Suppose 4*m - 60 = -4*k, 2*k = m - 7 - 8. Suppose -6*r + i + 13 = -2*r, 0 = 5*i - m. Is (-3 - (-130)/r)*14 composite?
True
Suppose -5*s + 2*s = -2*f + 12, -3*f - 5*s = -18. Let t(d) be the first derivative of d**4/4 - 2*d**3 + 3*d**2 + d - 3. Is t(f) a prime number?
True
Let y = -4 + 4. Suppose y = -4*m - 0*m + 932. Is (-2)/3 - m/(-3) prime?
False
Let f = 509 + -243. Let b be 2 + 5/(5/2). Suppose 4*y - f = y + o, -2*o + 358 = b*y. Is y prime?
True
Let j(n) = -2*n - 1. Is j(-10) composite?
False
Suppose 5*y - 5*s - 35 = 0, 0*s - 2*s = 2*y + 2. Suppose 0*v - y*v = 0, 4*d - 12 = -v. Suppose 186 = d*p - 5*b - 223, p - 137 = 2*b. Is p composite?
True
Let h(c) = -134*c**3 - 2*c**2 - 2*c + 1. Is h(-2) prime?
True
Suppose g - 4 - 1 = 0. Suppose -g*j = h - 258, -3*j = -7*j + 4. Is h a prime number?
False
Let r(v) = -v**3 - 3*v**2 + 6*v + 5. Suppose -4*k = 3 + 21. Is r(k) a composite number?
True
Let j = -95 + 210. Is j a composite number?
True
Let z(l) = 2358*l**3 + 1. Is z(1) a composite number?
True
Suppose 6*p + 327 = 2*p + u, -3*u = 3*p + 234. Let z be (1/(-3))/(3/p). Suppose o + z = v, -v = 4*o + 8 - 37. Is v composite?
False
Is -3*1/3 + 924 composite?
True
Let o be 34 - 2/(-1 + 2). Suppose k = o + 151. Is k composite?
True
Let q(a) = -32*a + 1. Suppose 3*s = -0*s. Suppose 2*l - 5*p - 13 = -2*l, -5*l + 2*p - 5 = s. Is q(l) prime?
True
Suppose 4*s - 2*s = -10, m - s - 718 = 0. Is m a composite number?
True
Let g(h) be the third derivative of h**5/60 + h**4/4 - 7*h**3/6 - h**2. Let a be g(-7). Suppose -v + 64 - 11 = a. Is v a prime number?
True
Is ((-2)/4)/(7/(-4690)) prime?
False
Is (-1 + -330)/(8/(-8)) a composite number?
False
Is (-6 + 5)/(1/(-15)) a composite number?
True
Let v = 3671 - 2130. Is v a composite number?
True
Let r = -79 + 0. Let v = 36 - r. Is v a prime number?
False
Suppose -u = 4*u - 20. Let w(b) = -b**3 - b**2 + b + 1. Let t be w(-1). Suppose t = p - u*p + 159. Is p a prime number?
True
Suppose 6 = 9*z - 6*z. Suppose -x - i + 330 = 0, 5*x + z*i - 1918 = -271. Is x prime?
False
Let z = 16 - -4. Suppose 2 + 8 = 3*x + 2*j, 4*j - z = x. Suppose 0 = -2*w + 10, 0 = h - w - 28 - x. Is h composite?
True
Let z(s) = -s**2 + 54*s + 12. Is z(25) prime?
False
Suppose 5*y - 797 = -2*k + 3214, 0 = 5*k - 4*y - 9945. Is k composite?
False
Suppose 5*z + 3*l = 1808, -l = 3*z + 2*l - 1080. Let i = z - 33. Is i prime?
True
Let o(j) = 75*j**2 - 7*j + 7. Is o(5) composite?
False
Let h = -184 - -395. Is h composite?
False
Let g be 3/(9/6) - 0. Suppose -3*v + 3 = 3*w + v, g*w = 3*v + 2. Let q(f) = 161*f**2. Is q(w) prime?
False
Is 32/(-144) + (-15322)/(-18) prime?
False
Suppose 0 = 2*y + 6 - 26. Is -9 + y + (37 - 0) composite?
True
Let c(p) be the second derivative of 131*p**4/12 + p**2/2 + 2*p. Let h be c(1). Suppose h = 3*d + 2*y + 3*y, 0 = -5*d - 3*y + 236. Is d a prime number?
False
Let s = -182 + 274. Let r be s/22 + 4/(-22). Suppose 0 = y - 3*j - 83, r*y = y + 3*j + 231. Is y prime?
False
Let u(t) = -t**2 + 3*t + 4. Suppose -2*n = -6*n + 16. Let c be u(n). Suppose c*y + 2*y = 14. Is y composite?
False
Let x = 2369 - 1638. Is x a prime number?
False
Let f = 3 - 0. Suppose 0*b = -f*b + 384. Suppose 0 = 3*k - i - 78, -2*i + 3*i + b = 5*k. Is k a composite number?
True
Let f = 5 + -9. Let j(s) = -s**2 - 5*s - 1. Let h be j(f). Suppose 30 = h*l - 0*l. Is l a prime number?
False
Suppose -6*p + 4 = -5*p. Suppose 10 = -z - 3*f - p, 0 = 4*z + 2*f + 16. Is z/(-6) + 328/6 prime?
False
Let o(h) = -17*h + 26. Let x(w) = -6*w + 9. Let m(a) = -4*o(a) + 11*x(a). Is m(6) composite?
False
Let z(q) = 7*q**2 + 17*q - 19. Is z(-11) a composite number?
False
Let h = 8 - 12. Let j(q) = -q**3 - 5*q**2 - 4*q - 6. Let k be j(h). Is 66*(k/(-2))/6 a prime number?
False
Let p(x) = 15*x**2 - 2*x + 3. Is p(-4) a composite number?
False
Let k(u) = -u**3 - 7*u + 17. Is k(-10) composite?
False
Is (-2)/8 + (-193341)/(-68) a prime number?
True
Let y = 2839 - 1970. Is y a prime number?
False
Let c = 425 + 24. Let w = -258 + c. Is w prime?
True
Let h(n) be the first derivative of -n**7/840 + n**6/180 + n**4/24 - 4*n**3/3 + 1. Let c(m) be the third derivative of h(m). Is c(-4) composite?
False
Let n(w) = -29*w**3 + 2*w**2 + w - 4. Let j be n(3). Let o = 1105 + j. Is o a composite number?
True
Suppose -2*p - 4 = 2*p. Let t(u) = -54*u**3 + 2*u**2 + 2*u + 1. Is t(p) a composite number?
True
Suppose i = -5*h - 1, 3*i - 3*h = -0*h - 21. Let w be 1 - (-9)/i*2. Is w*293/4*-2 prime?
True
Let a(l) = 5*l**3 - l**2 - l - 2. Let f be a(2). Suppose 5*m - 307 = -f. Is m composite?
True
Let o = -229 - -372. Is o a composite number?
True
Suppose 8 = 3*u + u. Suppose 0 = 5*i - 5, -u*i - 18 = -g + i. Is g a composite number?
True
Suppose 3*d - 307 = -j, 3*j + 0*j + 493 = 5*d. Suppose -d = 3*b - 359. Is b a composite number?
True
Suppose u + 621 = 3*b - 2*u, b + 2*u = 201. Is b a prime number?
False
Let v(l) = -l**3 - 4*l**2 - 2*l + 1. Let w be v(-3). Let t be (-184)/10*(-15)/w. Is t/(-4) - 2/(-4) composite?
True
Suppose z + 413 = -0*z. Let t = 0 + -6. Is z/(-14) - t/4 composite?
False
Let p(t) = 2*t**2 + 0*t**2 - t**2 + 1 + 2*t + t. Let o = -4 + -2. Is p(o) a composite number?
False
Let x(t) = -34*t - 4. Let k be x(-4). Let q = k - 79. Is q composite?
False
Let k(j) = -3*j**2 + 3*j**3 + 2*j**2 - 4*j**3 + 2*j**2 + 31 - j. Is k(0) a prime number?
True
Let b be 2/4 + 1/(-2). Is 54 + (b + -1)*1 a composite number?
False
Suppose 2*a + 3*y = 227, -4*a = -0*a + 4*y - 456. Is a prime?
False
Suppose 1 - 10 = 4*b - q, -b - 6 = -q. Let n be 29 - 0/(b*2). Let c = -10 + n. Is c a prime number?
True
Is -6 + (-4 - -8) - -205 composite?
True
Let m(q) be the third derivative of 1/6*q**3 + 1/4*q**4 - q**2 + 0 + 0*q. Is m(6) a composite number?
False
Suppose -3*v = -4*v + 319. Is v a composite number?
True
Let c(g) = 3*g**2 + g - 1. Let k be c(1). Suppose 5*u = -k*d - d - 51, 4*u + 12 = 0. Is 4/(-6) + (-105)/d composite?
False
Let m(u) = -16*u + 45. Is m(-7) a prime number?
True
Let x = 45 + 448. Is x a prime number?
False
Suppose 5*h + 75 = 230. Is h prime?
True
Let g(h) = h**2 - 4*h + 3. Let r(k) = -k + 10. Let m be r(6). Let v be g(m). Is 2 - v - (-2 - 76) composite?
True
Suppose k - l = 0, 4*l = 3*k - 4 + 2. Is (-293)/(-5) - k/5 composite?
False
Let g be 4*-1*10/(-4). Suppose 2*w - 4*b = g, b = -b. Let v(j) = j**3 - 5*j**2 + 3*j + 7. Is v(w) a prime number?
False
Let b = 512 - 103. Is b a prime number?
True
Suppose -2*b + 5*o + 15 = 2*b, 0 = 4*o + 12. Let n(k) = -k**3 - k**2 + 49. Is n(b) a composite number?
True
Suppose -3*t + 16 = -4*t. Let k = t - -50. Is k a composite number?
True
Let t be (0 + 0)*(-3)/9. Suppose 0 = -3*y - t*y + 153. Is y composite?
True
Let d = 11 - 6. Suppose 0 = v + 2 - d. Is v a prime number?
True
Suppose 119 = -2*h + 3*o + 780, 655 = 2*h + 3*o. Let y = -78 + h. Is y a prime number?
True
Suppose -p + 13 = 3*j, j - 4 = -j + 4*p. Suppose j*n - 2*k = 2*n - 230, -n = -5*k + 119. Let l = n + 160. Is l a composite number?
True
Let x be (-1 + (0 - -1))/(-2). Let t be 2 - x - (0 + 0). Is 21/6*t*5 a composite number?
True
Is ((-94)/3)/(6/(-9)) a prime number?
True
Suppose 4*a + 1582 = 5*c, -a = -4*c + 584 + 675. Is c a prime number?
False
Let d = -5 - -14. Let p be ((-1)/3)/((-1)/d). Suppose n + p = -0, f - 5*n = 30. Is f composite?
True
Suppose -114 = -3*n + 39. Let c = n + -16. Is c a composite number?
True
Let k be 7/2 - (-2)/(-4). Suppose -40 = -k*g + 5*p, 2*g + p - 17 - 1 = 0. Is g composite?
True
Suppose 0 = -3*u + 14 + 4. Is (233 - u/(-3))*1 prime?
False
Let v be ((-3)/(-9))/(-1)*3. Let n = v + 4. Is n composite?
False
Suppose 2*y = 3*y - 157. Is y a composite number?
False
Let b = -99 - -152. Is b composite?
False
Let z = 23 - 10. Let n = z - 21. Is 84/(-8)*n/6 prime?
False
Let j be (3/3 - 2) + 6. Let s = j + -2. Suppose -5*w = 2*t - 74, -5*t - s*w = -w - 185. Is t prime?
True
Let k(q) = -3*q**3 + 2*q**2 + 2*q - 1. Let t be k(2). Let j = t - -34. Is j composite?
True
Let c = 905 - -9504. Is c a prime number?
False
Let t(p) = p**2 - 7*p. Let f be t(7). Suppose f*s - 815 = -5*s. Is s a composite number?
False
Let a(b) be the second derivative of -7*b**3/3 + 3*b**2/2 + 4*b. Is a(-4) composite?
False
Let y be 6/(-4)*(2